{"id":1964,"date":"2024-06-04T18:45:20","date_gmt":"2024-06-04T16:45:20","guid":{"rendered":"https:\/\/world-heritage-watch.org\/content\/?page_id=1964"},"modified":"2024-06-13T15:29:02","modified_gmt":"2024-06-13T13:29:02","slug":"wooden-churches-of-ukraine","status":"publish","type":"page","link":"https:\/\/world-heritage-watch.org\/content\/wooden-churches-of-ukraine\/","title":{"rendered":"Wooden Churches of Ukraine"},"content":{"rendered":"\n<section id=\"gmde86572\" class=\"wp-block-gutentor-m4 section-gmde86572 gutentor-module gutentor-advanced-columns\"><div class=\"grid-container\"><div class=\"grid-row\">\n<div id=\"col-gm3053bb\" class=\"wp-block-gutentor-m4-col col-gm3053bb gutentor-single-column  grid-lg-12 grid-md-12 grid-12\"><div id=\"section-gm3053bb\" class=\"section-gm3053bb gutentor-col-wrap\">\n<div id=\"section-ga4f0bf\" class=\"wp-block-gutentor-e6 section-ga4f0bf gutentor-element gutentor-element-image\"><div class=\"gutentor-element-image-box\"><div class=\"gutentor-image-thumb\"><img decoding=\"async\" class=\"normal-image\" src=\"https:\/\/world-heritage-watch.org\/content\/wp-content\/uploads\/2024\/06\/hilfe-holzkirche-ukraine-1.jpg\"\/><\/div><\/div><\/div>\n\n\n\n<section id=\"gm1149396\" class=\"wp-block-gutentor-m4 section-gm1149396 gutentor-module gutentor-advanced-columns\"><div class=\"grid-container\"><div class=\"grid-row\">\n<div id=\"col-gm36fb6b\" class=\"wp-block-gutentor-m4-col col-gm36fb6b gutentor-single-column  grid-lg-6 grid-md-12 grid-12\"><div id=\"section-gm36fb6b\" class=\"section-gm36fb6b gutentor-col-wrap\"><aside id=\"paypal_donations-3\" class=\"widget widget_paypal_donations amr_widget\"><div class=\"wa-title-action-wrapper clearfix\"><h3 class=\"widget-title\">Spenden Sie hier \/ Make a one-time donation<\/h3><\/div><!-- Begin PayPal Donations by https:\/\/www.tipsandtricks-hq.com\/paypal-donations-widgets-plugin -->\n\n<form action=\"https:\/\/www.paypal.com\/cgi-bin\/webscr\" method=\"post\" target=\"_blank\">\n    <div class=\"paypal-donations\">\n        <input type=\"hidden\" name=\"cmd\" value=\"_donations\" \/>\n        <input type=\"hidden\" name=\"bn\" value=\"TipsandTricks_SP\" \/>\n        <input type=\"hidden\" name=\"business\" value=\"contact@world-heritage-watch.org\" \/>\n        <input type=\"hidden\" name=\"return\" value=\"http:\/\/world-heritage-watch.org\/thank-you\" \/>\n        <input type=\"hidden\" name=\"rm\" value=\"0\" \/>\n        <input type=\"hidden\" name=\"currency_code\" value=\"EUR\" \/>\n        <input type=\"hidden\" name=\"lc\" value=\"\" \/>\n        <input type=\"image\" style=\"cursor: pointer;\" src=\"https:\/\/world-heritage-watch.org\/content\/wp-content\/uploads\/2021\/05\/donate.png\" name=\"submit\" alt=\"PayPal - The safer, easier way to pay online.\" \/>\n        <img loading=\"lazy\" decoding=\"async\" alt=\"\" src=\"https:\/\/www.paypalobjects.com\/en_US\/i\/scr\/pixel.gif\" width=\"1\" height=\"1\" \/>\n    <\/div>\n<\/form>\n<!-- End PayPal Donations -->\n<\/aside>\n\n\n\n<div id=\"section-g28aa86\" class=\"wp-block-gutentor-e1 section-g28aa86 gutentor-element gutentor-element-advanced-text\"><div class=\"gutentor-text-wrap\"><p class=\"gutentor-text\"><strong>Bitte vergessen Sie nicht das Stichwort \u201eHolzkirchen\u201c<\/strong><\/p><\/div><\/div>\n<\/div><\/div>\n\n\n\n<div id=\"col-gm849916\" class=\"wp-block-gutentor-m4-col col-gm849916 gutentor-single-column  grid-lg-6 grid-md-12 grid-12\"><div id=\"section-gm849916\" class=\"section-gm849916 gutentor-col-wrap\">\n<div id=\"section-gb63bfb\" class=\"wp-block-gutentor-e1 section-gb63bfb gutentor-element gutentor-element-advanced-text\"><div class=\"gutentor-text-wrap\"><h3 class=\"gutentor-text\">oder per Bank\u00fcberweisung<\/h3><\/div><\/div>\n\n\n\n<p>GLS Gemeinschaftsbank<br>Account number: 11 5953 9600<br>IBAN: DE32 4306 0967 1159 5396 00<br>BIC: GENODEM1GLS<\/p>\n<\/div><\/div>\n<\/div><\/div><\/section>\n\n\n\n<div id=\"section-g37696d\" class=\"wp-block-gutentor-e1 section-g37696d gutentor-element gutentor-element-advanced-text\"><div class=\"gutentor-text-wrap\"><h2 class=\"gutentor-text\">Bitte helfen Sie, die ukrainischen Holzkirchen zu bewahren!<\/h2><\/div><\/div>\n\n\n\n<div id=\"section-g61f07e\" class=\"wp-block-gutentor-e1 section-g61f07e gutentor-element gutentor-element-advanced-text\"><div class=\"gutentor-text-wrap\"><p class=\"gutentor-text\">World Heritage Watch hat sich unmittelbar nach Beginn des russischen \u00dcberfalls auf die Ukraine f\u00fcr den Schutz und die Rettung des ukrainischen Kulturerbes eingesetzt \u2013 zuerst mit einem Aufruf an die deutschen Museen, den ukrainischen Kolleg:innen Verpackungsmaterial aus ihren Lagerbest\u00e4nden zu spenden, um ihre Sammlungen schnell in Sicherheit zu bringen. <strong>Dem haben sich 26 Museen angeschlossen, die zusammen fast 200 Tonnen Material gespendet haben.<\/strong><br><br>Aus Spenden haben wir sp\u00e4ter u.a. die Restaurierung der Au\u00dfenmauern der Kathedrale von Tschernihiv erm\u00f6glicht, die durch russischen Beschuss besch\u00e4digt worden waren.<\/p><\/div><\/div>\n\n\n\n<section id=\"gme5c6149\" class=\"wp-block-gutentor-m4 section-gme5c6149 gutentor-module gutentor-advanced-columns\"><div class=\"grid-container\"><div class=\"grid-row\">\n<div id=\"col-gmc4e2d2\" class=\"wp-block-gutentor-m4-col col-gmc4e2d2 gutentor-single-column  grid-lg-4 grid-md-12 grid-12\"><div id=\"section-gmc4e2d2\" class=\"section-gmc4e2d2 gutentor-col-wrap\">\n<div id=\"section-g2ba797\" class=\"wp-block-gutentor-e6 section-g2ba797 gutentor-element gutentor-element-image\"><div class=\"gutentor-element-image-box\"><div class=\"gutentor-image-thumb\"><img decoding=\"async\" class=\"normal-image\" src=\"https:\/\/world-heritage-watch.org\/content\/wp-content\/uploads\/2024\/06\/holzkirche-ukraine.jpg\"\/><\/div><\/div><\/div>\n<\/div><\/div>\n\n\n\n<div id=\"col-gma3dcc7\" class=\"wp-block-gutentor-m4-col col-gma3dcc7 gutentor-single-column  grid-lg-8 grid-md-12 grid-12\"><div id=\"section-gma3dcc7\" class=\"section-gma3dcc7 gutentor-col-wrap\">\n<div id=\"section-gf1d241\" class=\"wp-block-gutentor-e1 section-gf1d241 gutentor-element gutentor-element-advanced-text\"><div class=\"gutentor-text-wrap\"><p class=\"gutentor-text\">Daher war es f\u00fcr uns selbstverst\u00e4ndlich, zusammen mit Prof. Dr. Aleksandra Lipinska und Dr. Katja Bernhardt die Bitte des Freilichtmuseums f\u00fcr Volksarchitektur und l\u00e4ndliches Leben aufzugreifen, etwas f\u00fcr die Bewahrung der ukrainischen Holzkirchen zu tun, die zur Zeit die am meisten gef\u00e4hrdeten Kulturdenkm\u00e4ler der Ukraine sind.<br><br>Diese Aktivit\u00e4ten sind ein kleiner Beitrag, den wir leisten k\u00f6nnen, um die Ukraine bei der Verteidigung Europas gegen Gro\u00dfmachtfantasien zu unterst\u00fctzen, die anderen V\u00f6lkern ihre Identit\u00e4t absprechen.<\/p><\/div><\/div>\n<\/div><\/div>\n<\/div><\/div><\/section>\n\n\n\n<div id=\"section-g96a691\" class=\"wp-block-gutentor-e1 section-g96a691 gutentor-element gutentor-element-advanced-text\"><div class=\"gutentor-text-wrap\"><p class=\"gutentor-text\">Eine <a rel=\"noreferrer noopener\" href=\"https:\/\/ub.uni-koeln.de\/kulturprogramm\/ausstellungen\/ausstellungen-2024\/holzkirchen\" target=\"_blank\"><strong>Ausstellung im Foyer der Universit\u00e4ts- und Stadtbibliothek K\u00f6ln<\/strong><\/a> zeigt nun vom <strong>12. Juni bis 30. September 2024 <\/strong>das kulturelle Erbe der ukrainischen Holzkirchen und die vielf\u00e4ltigen Gefahren, denen sie durch den Krieg ausgeliefert sind. Die Ausstellung wird von einer <strong>Online-Pr\u00e4sentation &#8220;Vielfalt &#8211; Gefahr &#8211; Hilfe. Holzkirchen in der Ukraine&#8221;<\/strong> <a rel=\"noreferrer noopener\" href=\"https:\/\/holzkirchen.uni-koeln.de\/\" target=\"_blank\">https:\/\/holzkirchen.uni-koeln.de\/<\/a> begleitet.<\/p><\/div><\/div>\n\n\n\n<section id=\"gmb566060\" class=\"wp-block-gutentor-m4 section-gmb566060 gutentor-module gutentor-advanced-columns\"><div class=\"grid-container\"><div class=\"grid-row\">\n<div id=\"col-gmdbfbd3\" class=\"wp-block-gutentor-m4-col col-gmdbfbd3 gutentor-single-column  grid-lg-4 grid-md-12 grid-12\"><div id=\"section-gmdbfbd3\" class=\"section-gmdbfbd3 gutentor-col-wrap\">\n<div id=\"section-g9351eb\" class=\"wp-block-gutentor-e6 section-g9351eb gutentor-element gutentor-element-image\"><div class=\"gutentor-element-image-box\"><div class=\"gutentor-image-thumb\"><img decoding=\"async\" class=\"normal-image\" src=\"https:\/\/world-heritage-watch.org\/content\/wp-content\/uploads\/2024\/06\/holzkirche-ukraine2.jpg\"\/><\/div><\/div><\/div>\n<\/div><\/div>\n\n\n\n<div id=\"col-gm36a564\" class=\"wp-block-gutentor-m4-col col-gm36a564 gutentor-single-column  grid-lg-8 grid-md-12 grid-12\"><div id=\"section-gm36a564\" class=\"section-gm36a564 gutentor-col-wrap\">\n<div id=\"section-gbc3a85\" class=\"wp-block-gutentor-e1 section-gbc3a85 gutentor-element gutentor-element-advanced-text\"><div class=\"gutentor-text-wrap\"><p class=\"gutentor-text\">Die historischen Holzkirchen sind f\u00fcr die Identifikation der Ukrainer mit ihrem Land von besonderer Bedeutung und stellen auch international einen einzigartigen k\u00fcnstlerischen und kulturellen Wert dar. Davon zeugt die Tatsache, dass sieben dieser Kirchen zum UNESCO-Welterbe geh\u00f6ren. <br><br>Die Ausstellung gibt Einblicke in die historische Vielfalt dieses Kulturerbes. Eine lange Bautradition und regionale Auspr\u00e4gungen haben eine beeindruckende Vielfalt historischer Holzkirchen hervorgebracht, die nach wie vor Zentren spirituellen Lebens in den lokalen Gemeinden sind. Allein in der Westukraine gibt es \u00fcber 1.000 solcher Kirchen.<\/p><\/div><\/div>\n<\/div><\/div>\n<\/div><\/div><\/section>\n\n\n\n<div id=\"section-g08d8db\" class=\"wp-block-gutentor-e1 section-g08d8db gutentor-element gutentor-element-advanced-text\"><div class=\"gutentor-text-wrap\"><p class=\"gutentor-text\">Derzeit hat die Regierung kaum Geld, um Material zu kaufen und dringend ben\u00f6tigte Instandhaltungsarbeiten und Reparaturen durchzuf\u00fchren. Viele Fachleute sind an der Front, gefallen oder geflohen, sodass die meisten Kirchen praktisch ohne Schutz dastehen. Eindringende N\u00e4sse oder fehlender Brandschutz k\u00f6nnen schnell zum Verlust dieser unwiederbringlichen Denkm\u00e4ler f\u00fchren.<br><br>Deshalb hilft World Heritage Watch, die Kirchen zu retten.<br><br>Wir bitten um Spenden, die wir an das Freilichtmuseum f\u00fcr Volksarchitektur und l\u00e4ndliches Leben in Lviv (Lemberg) weiterleiten. Die dortigen Fachleute bilden neue Restauratoren aus und f\u00fchren die dringendsten Instandhaltungsma\u00dfnahmen f\u00fcr Holzkirchen in der gesamten Westukraine durch.<\/p><\/div><\/div>\n<\/div><\/div>\n<\/div><\/div><\/section>\n","protected":false},"excerpt":{"rendered":"","protected":false},"author":1,"featured_media":0,"parent":0,"menu_order":0,"comment_status":"closed","ping_status":"closed","template":"template-gutentor-full-width.php","meta":{"_monsterinsights_skip_tracking":false,"_monsterinsights_sitenote_active":false,"_monsterinsights_sitenote_note":"","_monsterinsights_sitenote_category":0,"footnotes":""},"class_list":["post-1964","page","type-page","status-publish","hentry"],"_links":{"self":[{"href":"https:\/\/world-heritage-watch.org\/content\/wp-json\/wp\/v2\/pages\/1964","targetHints":{"allow":["GET"]}}],"collection":[{"href":"https:\/\/world-heritage-watch.org\/content\/wp-json\/wp\/v2\/pages"}],"about":[{"href":"https:\/\/world-heritage-watch.org\/content\/wp-json\/wp\/v2\/types\/page"}],"author":[{"embeddable":true,"href":"https:\/\/world-heritage-watch.org\/content\/wp-json\/wp\/v2\/users\/1"}],"replies":[{"embeddable":true,"href":"https:\/\/world-heritage-watch.org\/content\/wp-json\/wp\/v2\/comments?post=1964"}],"version-history":[{"count":30,"href":"https:\/\/world-heritage-watch.org\/content\/wp-json\/wp\/v2\/pages\/1964\/revisions"}],"predecessor-version":[{"id":2039,"href":"https:\/\/world-heritage-watch.org\/content\/wp-json\/wp\/v2\/pages\/1964\/revisions\/2039"}],"wp:attachment":[{"href":"https:\/\/world-heritage-watch.org\/content\/wp-json\/wp\/v2\/media?parent=1964"}],"curies":[{"name":"wp","href":"https:\/\/api.w.org\/{rel}","templated":true}]}}